{"id":67,"date":"2024-11-01T20:09:13","date_gmt":"2024-11-01T19:09:13","guid":{"rendered":"https:\/\/merama.de\/?page_id=67"},"modified":"2025-01-20T14:12:58","modified_gmt":"2025-01-20T13:12:58","slug":"projekte","status":"publish","type":"page","link":"https:\/\/www.merama.de\/?page_id=67","title":{"rendered":"Projekte"},"content":{"rendered":"\t\t<div data-elementor-type=\"wp-page\" data-elementor-id=\"67\" class=\"elementor elementor-67\">\n\t\t\t\t<div class=\"elementor-element elementor-element-e2034c1 e-flex e-con-boxed e-con e-parent\" data-id=\"e2034c1\" data-element_type=\"container\" data-e-type=\"container\">\n\t\t\t\t\t<div class=\"e-con-inner\">\n\t\t<div class=\"elementor-element elementor-element-15e2c10 e-con-full e-flex e-con e-child\" data-id=\"15e2c10\" data-element_type=\"container\" data-e-type=\"container\">\n\t\t\t\t<div class=\"elementor-element elementor-element-36a0302 elementor-widget elementor-widget-image\" data-id=\"36a0302\" data-element_type=\"widget\" data-e-type=\"widget\" data-widget_type=\"image.default\">\n\t\t\t\t<div class=\"elementor-widget-container\">\n\t\t\t\t\t\t\t\t\t\t\t\t\t\t\t\t<a href=\"https:\/\/www.merama.de\/?page_id=150\">\n\t\t\t\t\t\t\t<img fetchpriority=\"high\" decoding=\"async\" width=\"1024\" height=\"614\" src=\"https:\/\/www.merama.de\/wp-content\/uploads\/2024\/12\/Perspektive-Eingang-1_Glemstalschule-1024x614.webp\" class=\"attachment-large size-large wp-image-1625\" alt=\"\" srcset=\"https:\/\/www.merama.de\/wp-content\/uploads\/2024\/12\/Perspektive-Eingang-1_Glemstalschule-1024x614.webp 1024w, https:\/\/www.merama.de\/wp-content\/uploads\/2024\/12\/Perspektive-Eingang-1_Glemstalschule-300x180.webp 300w, https:\/\/www.merama.de\/wp-content\/uploads\/2024\/12\/Perspektive-Eingang-1_Glemstalschule-768x461.webp 768w, https:\/\/www.merama.de\/wp-content\/uploads\/2024\/12\/Perspektive-Eingang-1_Glemstalschule-1536x922.webp 1536w, https:\/\/www.merama.de\/wp-content\/uploads\/2024\/12\/Perspektive-Eingang-1_Glemstalschule-2048x1229.webp 2048w\" sizes=\"(max-width: 1024px) 100vw, 1024px\" \/>\t\t\t\t\t\t\t\t<\/a>\n\t\t\t\t\t\t\t\t\t\t\t\t\t\t\t<\/div>\n\t\t\t\t<\/div>\n\t\t<div class=\"elementor-element elementor-element-c804cb1 e-con-full e-flex e-con e-child\" data-id=\"c804cb1\" data-element_type=\"container\" data-e-type=\"container\">\n\t\t\t\t<div class=\"elementor-element elementor-element-7077a24 elementor-widget elementor-widget-text-editor\" data-id=\"7077a24\" data-element_type=\"widget\" data-e-type=\"widget\" data-widget_type=\"text-editor.default\">\n\t\t\t\t<div class=\"elementor-widget-container\">\n\t\t\t\t\t\t\t\t\t<p>2024<\/p>\t\t\t\t\t\t\t\t<\/div>\n\t\t\t\t<\/div>\n\t\t\t\t<div class=\"elementor-element elementor-element-8ea6b65 elementor-widget elementor-widget-heading\" data-id=\"8ea6b65\" data-element_type=\"widget\" data-e-type=\"widget\" data-widget_type=\"heading.default\">\n\t\t\t\t<div class=\"elementor-widget-container\">\n\t\t\t\t\t<h2 class=\"elementor-heading-title elementor-size-default\">Neubau und Sanierung Glemstalschule in \nSchwieberdingen-Hemmingen<\/h2>\t\t\t\t<\/div>\n\t\t\t\t<\/div>\n\t\t\t\t<div class=\"elementor-element elementor-element-3e8f46d elementor-widget elementor-widget-text-editor\" data-id=\"3e8f46d\" data-element_type=\"widget\" data-e-type=\"widget\" data-widget_type=\"text-editor.default\">\n\t\t\t\t<div class=\"elementor-widget-container\">\n\t\t\t\t\t\t\t\t\t<p>Projektleitung f\u00fcr Auer Weber Architekten<\/p>\t\t\t\t\t\t\t\t<\/div>\n\t\t\t\t<\/div>\n\t\t\t\t<\/div>\n\t\t\t\t<\/div>\n\t\t<div class=\"elementor-element elementor-element-30bd83f e-con-full e-flex e-con e-child\" data-id=\"30bd83f\" data-element_type=\"container\" data-e-type=\"container\">\n\t\t\t\t<div class=\"elementor-element elementor-element-f76300f elementor-widget elementor-widget-image\" data-id=\"f76300f\" data-element_type=\"widget\" data-e-type=\"widget\" data-widget_type=\"image.default\">\n\t\t\t\t<div class=\"elementor-widget-container\">\n\t\t\t\t\t\t\t\t\t\t\t\t\t\t\t\t<a href=\"https:\/\/www.merama.de\/?page_id=367\">\n\t\t\t\t\t\t\t<img decoding=\"async\" width=\"1024\" height=\"614\" src=\"https:\/\/www.merama.de\/wp-content\/uploads\/2024\/11\/Perspektive1-2-1024x614.webp\" class=\"attachment-large size-large wp-image-977\" alt=\"\" srcset=\"https:\/\/www.merama.de\/wp-content\/uploads\/2024\/11\/Perspektive1-2-1024x614.webp 1024w, https:\/\/www.merama.de\/wp-content\/uploads\/2024\/11\/Perspektive1-2-300x180.webp 300w, https:\/\/www.merama.de\/wp-content\/uploads\/2024\/11\/Perspektive1-2-768x461.webp 768w, https:\/\/www.merama.de\/wp-content\/uploads\/2024\/11\/Perspektive1-2-1536x922.webp 1536w, https:\/\/www.merama.de\/wp-content\/uploads\/2024\/11\/Perspektive1-2-2048x1229.webp 2048w\" sizes=\"(max-width: 1024px) 100vw, 1024px\" \/>\t\t\t\t\t\t\t\t<\/a>\n\t\t\t\t\t\t\t\t\t\t\t\t\t\t\t<\/div>\n\t\t\t\t<\/div>\n\t\t<div class=\"elementor-element elementor-element-ec2c6c2 e-con-full e-flex e-con e-child\" data-id=\"ec2c6c2\" data-element_type=\"container\" data-e-type=\"container\">\n\t\t\t\t<div class=\"elementor-element elementor-element-d36a832 elementor-widget elementor-widget-text-editor\" data-id=\"d36a832\" data-element_type=\"widget\" data-e-type=\"widget\" data-widget_type=\"text-editor.default\">\n\t\t\t\t<div class=\"elementor-widget-container\">\n\t\t\t\t\t\t\t\t\t<p>2021<\/p>\t\t\t\t\t\t\t\t<\/div>\n\t\t\t\t<\/div>\n\t\t\t\t<div class=\"elementor-element elementor-element-89d5d8c elementor-widget elementor-widget-heading\" data-id=\"89d5d8c\" data-element_type=\"widget\" data-e-type=\"widget\" data-widget_type=\"heading.default\">\n\t\t\t\t<div class=\"elementor-widget-container\">\n\t\t\t\t\t<h2 class=\"elementor-heading-title elementor-size-default\">Neubau Wohnanlage Lichtblick in W\u00fcrzburg-Sanderau<\/h2>\t\t\t\t<\/div>\n\t\t\t\t<\/div>\n\t\t\t\t<div class=\"elementor-element elementor-element-5549a53 elementor-widget elementor-widget-text-editor\" data-id=\"5549a53\" data-element_type=\"widget\" data-e-type=\"widget\" data-widget_type=\"text-editor.default\">\n\t\t\t\t<div class=\"elementor-widget-container\">\n\t\t\t\t\t\t\t\t\t<p>Projektleitung f\u00fcr Auer Weber Architekten<\/p>\t\t\t\t\t\t\t\t<\/div>\n\t\t\t\t<\/div>\n\t\t\t\t<\/div>\n\t\t\t\t<\/div>\n\t\t\t\t\t<\/div>\n\t\t\t\t<\/div>\n\t\t<div class=\"elementor-element elementor-element-1a195ee e-flex e-con-boxed e-con e-parent\" data-id=\"1a195ee\" data-element_type=\"container\" data-e-type=\"container\">\n\t\t\t\t\t<div class=\"e-con-inner\">\n\t\t<div class=\"elementor-element elementor-element-1084fe0 e-con-full e-flex e-con e-child\" data-id=\"1084fe0\" data-element_type=\"container\" data-e-type=\"container\">\n\t\t\t\t<div class=\"elementor-element elementor-element-a9e5427 elementor-widget elementor-widget-image\" data-id=\"a9e5427\" data-element_type=\"widget\" data-e-type=\"widget\" data-widget_type=\"image.default\">\n\t\t\t\t<div class=\"elementor-widget-container\">\n\t\t\t\t\t\t\t\t\t\t\t\t\t\t\t\t<a href=\"https:\/\/www.merama.de\/?page_id=153\">\n\t\t\t\t\t\t\t<img decoding=\"async\" width=\"1024\" height=\"614\" src=\"https:\/\/www.merama.de\/wp-content\/uploads\/2024\/11\/Westseite-1-1024x614.webp\" class=\"attachment-large size-large wp-image-983\" alt=\"\" srcset=\"https:\/\/www.merama.de\/wp-content\/uploads\/2024\/11\/Westseite-1-1024x614.webp 1024w, https:\/\/www.merama.de\/wp-content\/uploads\/2024\/11\/Westseite-1-300x180.webp 300w, https:\/\/www.merama.de\/wp-content\/uploads\/2024\/11\/Westseite-1-768x460.webp 768w, https:\/\/www.merama.de\/wp-content\/uploads\/2024\/11\/Westseite-1-1536x921.webp 1536w, https:\/\/www.merama.de\/wp-content\/uploads\/2024\/11\/Westseite-1-2048x1228.webp 2048w\" sizes=\"(max-width: 1024px) 100vw, 1024px\" \/>\t\t\t\t\t\t\t\t<\/a>\n\t\t\t\t\t\t\t\t\t\t\t\t\t\t\t<\/div>\n\t\t\t\t<\/div>\n\t\t<div class=\"elementor-element elementor-element-ece95b7 e-con-full e-flex e-con e-child\" data-id=\"ece95b7\" data-element_type=\"container\" data-e-type=\"container\">\n\t\t\t\t<div class=\"elementor-element elementor-element-917752e elementor-widget elementor-widget-text-editor\" data-id=\"917752e\" data-element_type=\"widget\" data-e-type=\"widget\" data-widget_type=\"text-editor.default\">\n\t\t\t\t<div class=\"elementor-widget-container\">\n\t\t\t\t\t\t\t\t\t<p>2020<\/p>\t\t\t\t\t\t\t\t<\/div>\n\t\t\t\t<\/div>\n\t\t\t\t<div class=\"elementor-element elementor-element-fdefef7 elementor-widget elementor-widget-heading\" data-id=\"fdefef7\" data-element_type=\"widget\" data-e-type=\"widget\" data-widget_type=\"heading.default\">\n\t\t\t\t<div class=\"elementor-widget-container\">\n\t\t\t\t\t<h2 class=\"elementor-heading-title elementor-size-default\">Neubau Mensa (Geb. 8) Bildungscampus III in Heilbronn<\/h2>\t\t\t\t<\/div>\n\t\t\t\t<\/div>\n\t\t\t\t<div class=\"elementor-element elementor-element-e5ba706 elementor-widget elementor-widget-text-editor\" data-id=\"e5ba706\" data-element_type=\"widget\" data-e-type=\"widget\" data-widget_type=\"text-editor.default\">\n\t\t\t\t<div class=\"elementor-widget-container\">\n\t\t\t\t\t\t\t\t\t<p>Projektleitung f\u00fcr Auer Weber Architekten<\/p>\t\t\t\t\t\t\t\t<\/div>\n\t\t\t\t<\/div>\n\t\t\t\t<\/div>\n\t\t\t\t<\/div>\n\t\t<div class=\"elementor-element elementor-element-a64248e e-con-full e-flex e-con e-child\" data-id=\"a64248e\" data-element_type=\"container\" data-e-type=\"container\">\n\t\t\t\t<div class=\"elementor-element elementor-element-a848fde elementor-widget elementor-widget-image\" data-id=\"a848fde\" data-element_type=\"widget\" data-e-type=\"widget\" data-widget_type=\"image.default\">\n\t\t\t\t<div class=\"elementor-widget-container\">\n\t\t\t\t\t\t\t\t\t\t\t\t\t\t\t\t<a href=\"https:\/\/www.merama.de\/?page_id=156\">\n\t\t\t\t\t\t\t<img loading=\"lazy\" decoding=\"async\" width=\"1024\" height=\"614\" src=\"https:\/\/www.merama.de\/wp-content\/uploads\/2024\/11\/vom-sueden-1-1024x614.webp\" class=\"attachment-large size-large wp-image-978\" alt=\"\" srcset=\"https:\/\/www.merama.de\/wp-content\/uploads\/2024\/11\/vom-sueden-1-1024x614.webp 1024w, https:\/\/www.merama.de\/wp-content\/uploads\/2024\/11\/vom-sueden-1-300x180.webp 300w, https:\/\/www.merama.de\/wp-content\/uploads\/2024\/11\/vom-sueden-1-768x461.webp 768w, https:\/\/www.merama.de\/wp-content\/uploads\/2024\/11\/vom-sueden-1-1536x922.webp 1536w, https:\/\/www.merama.de\/wp-content\/uploads\/2024\/11\/vom-sueden-1-2048x1229.webp 2048w\" sizes=\"(max-width: 1024px) 100vw, 1024px\" \/>\t\t\t\t\t\t\t\t<\/a>\n\t\t\t\t\t\t\t\t\t\t\t\t\t\t\t<\/div>\n\t\t\t\t<\/div>\n\t\t<div class=\"elementor-element elementor-element-b581056 e-con-full e-flex e-con e-child\" data-id=\"b581056\" data-element_type=\"container\" data-e-type=\"container\">\n\t\t\t\t<div class=\"elementor-element elementor-element-6ec39f1 elementor-widget elementor-widget-text-editor\" data-id=\"6ec39f1\" data-element_type=\"widget\" data-e-type=\"widget\" data-widget_type=\"text-editor.default\">\n\t\t\t\t<div class=\"elementor-widget-container\">\n\t\t\t\t\t\t\t\t\t<p>2017<\/p>\t\t\t\t\t\t\t\t<\/div>\n\t\t\t\t<\/div>\n\t\t\t\t<div class=\"elementor-element elementor-element-2141443 elementor-widget elementor-widget-heading\" data-id=\"2141443\" data-element_type=\"widget\" data-e-type=\"widget\" data-widget_type=\"heading.default\">\n\t\t\t\t<div class=\"elementor-widget-container\">\n\t\t\t\t\t<h2 class=\"elementor-heading-title elementor-size-default\">Neubau Institutsgeb\u00e4ude 12 (HHN), 13 (DHBW CAS). Bildungscampus III in Heilbronn<\/h2>\t\t\t\t<\/div>\n\t\t\t\t<\/div>\n\t\t\t\t<div class=\"elementor-element elementor-element-635fdf6 elementor-widget elementor-widget-text-editor\" data-id=\"635fdf6\" data-element_type=\"widget\" data-e-type=\"widget\" data-widget_type=\"text-editor.default\">\n\t\t\t\t<div class=\"elementor-widget-container\">\n\t\t\t\t\t\t\t\t\t<p>Projektleitung f\u00fcr Auer Weber Architekten<\/p>\t\t\t\t\t\t\t\t<\/div>\n\t\t\t\t<\/div>\n\t\t\t\t<\/div>\n\t\t\t\t<\/div>\n\t\t\t\t\t<\/div>\n\t\t\t\t<\/div>\n\t\t\t\t<\/div>\n\t\t","protected":false},"excerpt":{"rendered":"<p>2024 Neubau und Sanierung Glemstalschule in Schwieberdingen-Hemmingen Projektleitung f\u00fcr Auer Weber Architekten 2021 Neubau Wohnanlage Lichtblick in W\u00fcrzburg-Sanderau Projektleitung f\u00fcr Auer Weber Architekten 2020 Neubau Mensa (Geb. 8) Bildungscampus III in Heilbronn Projektleitung f\u00fcr Auer Weber Architekten 2017 Neubau Institutsgeb\u00e4ude 12 (HHN), 13 (DHBW CAS). Bildungscampus III in Heilbronn Projektleitung f\u00fcr Auer Weber Architekten<\/p>\n","protected":false},"author":2,"featured_media":0,"parent":0,"menu_order":0,"comment_status":"closed","ping_status":"closed","template":"","meta":{"ocean_post_layout":"full-screen","ocean_both_sidebars_style":"","ocean_both_sidebars_content_width":0,"ocean_both_sidebars_sidebars_width":0,"ocean_sidebar":"","ocean_second_sidebar":"","ocean_disable_margins":"enable","ocean_add_body_class":"","ocean_shortcode_before_top_bar":"","ocean_shortcode_after_top_bar":"","ocean_shortcode_before_header":"","ocean_shortcode_after_header":"","ocean_has_shortcode":"","ocean_shortcode_after_title":"","ocean_shortcode_before_footer_widgets":"","ocean_shortcode_after_footer_widgets":"","ocean_shortcode_before_footer_bottom":"","ocean_shortcode_after_footer_bottom":"","ocean_display_top_bar":"off","ocean_display_header":"default","ocean_header_style":"","ocean_center_header_left_menu":"","ocean_custom_header_template":"","ocean_custom_logo":0,"ocean_custom_retina_logo":0,"ocean_custom_logo_max_width":0,"ocean_custom_logo_tablet_max_width":0,"ocean_custom_logo_mobile_max_width":0,"ocean_custom_logo_max_height":0,"ocean_custom_logo_tablet_max_height":0,"ocean_custom_logo_mobile_max_height":0,"ocean_header_custom_menu":"","ocean_menu_typo_font_family":"","ocean_menu_typo_font_subset":"","ocean_menu_typo_font_size":0,"ocean_menu_typo_font_size_tablet":0,"ocean_menu_typo_font_size_mobile":0,"ocean_menu_typo_font_size_unit":"px","ocean_menu_typo_font_weight":"","ocean_menu_typo_font_weight_tablet":"","ocean_menu_typo_font_weight_mobile":"","ocean_menu_typo_transform":"","ocean_menu_typo_transform_tablet":"","ocean_menu_typo_transform_mobile":"","ocean_menu_typo_line_height":0,"ocean_menu_typo_line_height_tablet":0,"ocean_menu_typo_line_height_mobile":0,"ocean_menu_typo_line_height_unit":"","ocean_menu_typo_spacing":0,"ocean_menu_typo_spacing_tablet":0,"ocean_menu_typo_spacing_mobile":0,"ocean_menu_typo_spacing_unit":"","ocean_menu_link_color":"","ocean_menu_link_color_hover":"","ocean_menu_link_color_active":"","ocean_menu_link_background":"","ocean_menu_link_hover_background":"","ocean_menu_link_active_background":"","ocean_menu_social_links_bg":"","ocean_menu_social_hover_links_bg":"","ocean_menu_social_links_color":"","ocean_menu_social_hover_links_color":"","ocean_disable_title":"on","ocean_disable_heading":"default","ocean_post_title":"","ocean_post_subheading":"","ocean_post_title_style":"","ocean_post_title_background_color":"","ocean_post_title_background":0,"ocean_post_title_bg_image_position":"","ocean_post_title_bg_image_attachment":"","ocean_post_title_bg_image_repeat":"","ocean_post_title_bg_image_size":"","ocean_post_title_height":0,"ocean_post_title_bg_overlay":0.5,"ocean_post_title_bg_overlay_color":"","ocean_disable_breadcrumbs":"default","ocean_breadcrumbs_color":"","ocean_breadcrumbs_separator_color":"","ocean_breadcrumbs_links_color":"","ocean_breadcrumbs_links_hover_color":"","ocean_display_footer_widgets":"off","ocean_display_footer_bottom":"off","ocean_custom_footer_template":"","footnotes":""},"class_list":["post-67","page","type-page","status-publish","hentry","entry"],"_links":{"self":[{"href":"https:\/\/www.merama.de\/index.php?rest_route=\/wp\/v2\/pages\/67","targetHints":{"allow":["GET"]}}],"collection":[{"href":"https:\/\/www.merama.de\/index.php?rest_route=\/wp\/v2\/pages"}],"about":[{"href":"https:\/\/www.merama.de\/index.php?rest_route=\/wp\/v2\/types\/page"}],"author":[{"embeddable":true,"href":"https:\/\/www.merama.de\/index.php?rest_route=\/wp\/v2\/users\/2"}],"replies":[{"embeddable":true,"href":"https:\/\/www.merama.de\/index.php?rest_route=%2Fwp%2Fv2%2Fcomments&post=67"}],"version-history":[{"count":76,"href":"https:\/\/www.merama.de\/index.php?rest_route=\/wp\/v2\/pages\/67\/revisions"}],"predecessor-version":[{"id":1760,"href":"https:\/\/www.merama.de\/index.php?rest_route=\/wp\/v2\/pages\/67\/revisions\/1760"}],"wp:attachment":[{"href":"https:\/\/www.merama.de\/index.php?rest_route=%2Fwp%2Fv2%2Fmedia&parent=67"}],"curies":[{"name":"wp","href":"https:\/\/api.w.org\/{rel}","templated":true}]}}