{"id":63,"date":"2024-11-01T20:07:00","date_gmt":"2024-11-01T19:07:00","guid":{"rendered":"https:\/\/merama.de\/?page_id=63"},"modified":"2026-04-16T20:03:37","modified_gmt":"2026-04-16T18:03:37","slug":"buero","status":"publish","type":"page","link":"https:\/\/www.merama.de\/?page_id=63","title":{"rendered":"B\u00fcro"},"content":{"rendered":"\t\t<div data-elementor-type=\"wp-page\" data-elementor-id=\"63\" class=\"elementor elementor-63\">\n\t\t\t\t<div class=\"elementor-element elementor-element-e86a636 e-flex e-con-boxed e-con e-parent\" data-id=\"e86a636\" data-element_type=\"container\" data-e-type=\"container\">\n\t\t\t\t\t<div class=\"e-con-inner\">\n\t\t<div class=\"elementor-element elementor-element-2359edd e-con-full e-flex e-con e-child\" data-id=\"2359edd\" data-element_type=\"container\" data-e-type=\"container\">\n\t\t<div class=\"elementor-element elementor-element-391e9ab e-con-full e-flex e-con e-child\" data-id=\"391e9ab\" data-element_type=\"container\" data-e-type=\"container\">\n\t\t\t\t<div class=\"elementor-element elementor-element-c3bdf34 elementor-widget__width-initial elementor-widget elementor-widget-heading\" data-id=\"c3bdf34\" data-element_type=\"widget\" data-e-type=\"widget\" data-widget_type=\"heading.default\">\n\t\t\t\t<div class=\"elementor-widget-container\">\n\t\t\t\t\t<h2 class=\"elementor-heading-title elementor-size-default\">Profil<\/h2>\t\t\t\t<\/div>\n\t\t\t\t<\/div>\n\t\t\t\t<div class=\"elementor-element elementor-element-bc0578c elementor-widget elementor-widget-text-editor\" data-id=\"bc0578c\" data-element_type=\"widget\" data-e-type=\"widget\" data-widget_type=\"text-editor.default\">\n\t\t\t\t<div class=\"elementor-widget-container\">\n\t\t\t\t\t\t\t\t\t<p>Der Mensch steht im Mittelpunkt unseres Denkens und Handelns. <span style=\"font-weight: 400;\">Seine Bed\u00fcrfnisse, T\u00e4tigkeiten und seine Wahrnehmung des Raums bilden den Ausgangspunkt jeder Entwurfsentscheidung.\u00a0<\/span><\/p><div class=\"elementor-element elementor-element-ff34287 elementor-widget__width-initial elementor-widget elementor-widget-heading\" data-id=\"ff34287\" data-element_type=\"widget\" data-widget_type=\"heading.default\"><div class=\"elementor-widget-container\"><p><span style=\"font-weight: 400;\">In der Suche nach der besten r\u00e4umlichen und baulichen L\u00f6sung betrachten wir Architektur als einen umfassenden Prozess:<\/span><\/p><p><span style=\"font-weight: 400;\">Wir setzen uns intensiv mit der Umgebung und der Landschaft auseinander, um Bez\u00fcge herzustellen und Kontinuit\u00e4ten zu schaffen. Bauen verstehen wir als Weiterbauen. Ob Neubau oder Umbau \u2013 wir nutzen die Chancen, die aus dem Bestehenden entstehen. So entwickeln wir Projekte mit hoher Identifikationskraft und klarer r\u00e4umlicher Logik.<\/span><\/p><p><span style=\"font-weight: 400;\">Bestehende Geb\u00e4ude transformieren wir respektvoll und passen sie neuen Nutzungen an. Unser Denken ist gepr\u00e4gt von zirkul\u00e4rem Bauen, klimaangepasstem Entwerfen und der Optimierung von Lebenszykluskosten. Dabei legen wir Wert auf Materialgerechtigkeit ebenso wie auf die sinnliche Qualit\u00e4t der Materialien \u2013 um R\u00e4ume mit sp\u00fcrbarer Atmosph\u00e4re zu schaffen.<\/span><\/p><p>Das Ergebnis: <span style=\"font-weight: 400;\">Ganzheitliche Konzepte, die technische Pr\u00e4zision und hohe gestalterische Qualit\u00e4t verbinden.<\/span><\/p><p><span style=\"font-weight: 400;\">Wir arbeiten als Architekt:innen und Innenarchitekt:innen \u00fcberwiegend in den Leistungsphasen 1\u20135 nach HOAI sowie an Studien. Unsere Projekte entstehen interdisziplin\u00e4r in einem Netzwerk aus langj\u00e4hrigen und neuen Planungspartner:innen.<\/span><\/p><h2 class=\"elementor-heading-title elementor-size-default\"><br style=\"font-weight: 400;\" \/><br \/><\/h2><\/div><\/div>\t\t\t\t\t\t\t\t<\/div>\n\t\t\t\t<\/div>\n\t\t\t\t<\/div>\n\t\t\t\t<\/div>\n\t\t\t\t\t<\/div>\n\t\t\t\t<\/div>\n\t\t<div class=\"elementor-element elementor-element-c46e6dd e-flex e-con-boxed e-con e-parent\" data-id=\"c46e6dd\" data-element_type=\"container\" data-e-type=\"container\">\n\t\t\t\t\t<div class=\"e-con-inner\">\n\t\t<div class=\"elementor-element elementor-element-07f7319 e-con-full e-flex e-con e-child\" data-id=\"07f7319\" data-element_type=\"container\" data-e-type=\"container\">\n\t\t\t\t<div class=\"elementor-element elementor-element-50891a8 elementor-widget elementor-widget-image\" data-id=\"50891a8\" data-element_type=\"widget\" data-e-type=\"widget\" data-widget_type=\"image.default\">\n\t\t\t\t<div class=\"elementor-widget-container\">\n\t\t\t\t\t\t\t\t\t\t\t\t\t\t\t<img fetchpriority=\"high\" decoding=\"async\" width=\"1001\" height=\"667\" src=\"https:\/\/www.merama.de\/wp-content\/uploads\/2024\/12\/Foto.webp\" class=\"attachment-large size-large wp-image-1048\" alt=\"\" srcset=\"https:\/\/www.merama.de\/wp-content\/uploads\/2024\/12\/Foto.webp 1001w, https:\/\/www.merama.de\/wp-content\/uploads\/2024\/12\/Foto-300x200.webp 300w, https:\/\/www.merama.de\/wp-content\/uploads\/2024\/12\/Foto-768x512.webp 768w\" sizes=\"(max-width: 1001px) 100vw, 1001px\" \/>\t\t\t\t\t\t\t\t\t\t\t\t\t\t\t<\/div>\n\t\t\t\t<\/div>\n\t\t\t\t<div class=\"elementor-element elementor-element-def01b8 elementor-widget elementor-widget-text-editor\" data-id=\"def01b8\" data-element_type=\"widget\" data-e-type=\"widget\" data-widget_type=\"text-editor.default\">\n\t\t\t\t<div class=\"elementor-widget-container\">\n\t\t\t\t\t\t\t\t\t<p>Aleksandra Walter-Klonkowska, Inhaberin<\/p>\t\t\t\t\t\t\t\t<\/div>\n\t\t\t\t<\/div>\n\t\t\t\t<\/div>\n\t\t<div class=\"elementor-element elementor-element-7bff4e8 e-con-full e-flex e-con e-child\" data-id=\"7bff4e8\" data-element_type=\"container\" data-e-type=\"container\">\n\t\t\t\t<div class=\"elementor-element elementor-element-e03df26 elementor-widget elementor-widget-text-editor\" data-id=\"e03df26\" data-element_type=\"widget\" data-e-type=\"widget\" data-widget_type=\"text-editor.default\">\n\t\t\t\t<div class=\"elementor-widget-container\">\n\t\t\t\t\t\t\t\t\t<table><tbody><tr><td>seit 2025<\/td><td>Lehrauftr\u00e4ge f\u00fcr zirkul\u00e4res und klimaangepasstes Bauen und Advanced Construction Methods an der Technischen Hochschule Ingolstadt<\/td><\/tr><tr><td>2024<\/td><td>Gr\u00fcndung MERAMA Architektur<\/td><\/tr><tr><td>2022-2024<\/td><td>Lehrauftrag im Bereich Entwurf und nachhaltige Baukonstruktionen an der Hochschule Karlsruhe<\/td><\/tr><tr><td>2023<\/td><td>Dozentin internationaler Erasmus Workshop &#8222;Building Health(y)&#8220; an der HKA<\/td><\/tr><tr><td>2014\u20132024<\/td><td>Projektleiterin bei Auer Weber Assoziierte, Stuttgart<\/td><\/tr><tr><td>2008-2014<\/td><td>Teilprojektleiterin bei Heinle Wischer und Partner, Stuttgart<\/td><\/tr><tr><td>2004-2008<\/td><td>Projektarchitektin in diversen B\u00fcros in Stuttgart und T\u00fcbingen<\/td><\/tr><tr><td>2001-2003<\/td><td>Forschungst\u00e4tigkeit in Entwurfstheorie, Bergische Universit\u00e4t Wuppertal<\/td><\/tr><tr><td>1999-2000<\/td><td>Aufbaustudium Architektur und Stadtplanung an der Universit\u00e4t Stuttgart, Stipendium DAAD<\/td><\/tr><tr><td>1994-1999<\/td><td>Studium Architektur und Stadtplanung an Gdansk University of Technology<\/td><\/tr><\/tbody><\/table>\t\t\t\t\t\t\t\t<\/div>\n\t\t\t\t<\/div>\n\t\t\t\t<\/div>\n\t\t\t\t\t<\/div>\n\t\t\t\t<\/div>\n\t\t\t\t<\/div>\n\t\t","protected":false},"excerpt":{"rendered":"<p>Profil Der Mensch steht im Mittelpunkt unseres Denkens und Handelns. Seine Bed\u00fcrfnisse, T\u00e4tigkeiten und seine Wahrnehmung des Raums bilden den Ausgangspunkt jeder Entwurfsentscheidung.\u00a0 In der Suche nach der besten r\u00e4umlichen und baulichen L\u00f6sung betrachten wir Architektur als einen umfassenden Prozess: Wir setzen uns intensiv mit der Umgebung und der Landschaft auseinander, um Bez\u00fcge herzustellen und [&hellip;]<\/p>\n","protected":false},"author":2,"featured_media":0,"parent":0,"menu_order":0,"comment_status":"closed","ping_status":"closed","template":"","meta":{"ocean_post_layout":"full-screen","ocean_both_sidebars_style":"","ocean_both_sidebars_content_width":0,"ocean_both_sidebars_sidebars_width":0,"ocean_sidebar":"","ocean_second_sidebar":"","ocean_disable_margins":"enable","ocean_add_body_class":"","ocean_shortcode_before_top_bar":"","ocean_shortcode_after_top_bar":"","ocean_shortcode_before_header":"","ocean_shortcode_after_header":"","ocean_has_shortcode":"","ocean_shortcode_after_title":"","ocean_shortcode_before_footer_widgets":"","ocean_shortcode_after_footer_widgets":"","ocean_shortcode_before_footer_bottom":"","ocean_shortcode_after_footer_bottom":"","ocean_display_top_bar":"off","ocean_display_header":"default","ocean_header_style":"","ocean_center_header_left_menu":"","ocean_custom_header_template":"","ocean_custom_logo":0,"ocean_custom_retina_logo":0,"ocean_custom_logo_max_width":0,"ocean_custom_logo_tablet_max_width":0,"ocean_custom_logo_mobile_max_width":0,"ocean_custom_logo_max_height":0,"ocean_custom_logo_tablet_max_height":0,"ocean_custom_logo_mobile_max_height":0,"ocean_header_custom_menu":"","ocean_menu_typo_font_family":"","ocean_menu_typo_font_subset":"","ocean_menu_typo_font_size":0,"ocean_menu_typo_font_size_tablet":0,"ocean_menu_typo_font_size_mobile":0,"ocean_menu_typo_font_size_unit":"px","ocean_menu_typo_font_weight":"","ocean_menu_typo_font_weight_tablet":"","ocean_menu_typo_font_weight_mobile":"","ocean_menu_typo_transform":"","ocean_menu_typo_transform_tablet":"","ocean_menu_typo_transform_mobile":"","ocean_menu_typo_line_height":0,"ocean_menu_typo_line_height_tablet":0,"ocean_menu_typo_line_height_mobile":0,"ocean_menu_typo_line_height_unit":"","ocean_menu_typo_spacing":0,"ocean_menu_typo_spacing_tablet":0,"ocean_menu_typo_spacing_mobile":0,"ocean_menu_typo_spacing_unit":"","ocean_menu_link_color":"","ocean_menu_link_color_hover":"","ocean_menu_link_color_active":"","ocean_menu_link_background":"","ocean_menu_link_hover_background":"","ocean_menu_link_active_background":"","ocean_menu_social_links_bg":"","ocean_menu_social_hover_links_bg":"","ocean_menu_social_links_color":"","ocean_menu_social_hover_links_color":"","ocean_disable_title":"on","ocean_disable_heading":"default","ocean_post_title":"","ocean_post_subheading":"","ocean_post_title_style":"","ocean_post_title_background_color":"","ocean_post_title_background":0,"ocean_post_title_bg_image_position":"","ocean_post_title_bg_image_attachment":"","ocean_post_title_bg_image_repeat":"","ocean_post_title_bg_image_size":"","ocean_post_title_height":0,"ocean_post_title_bg_overlay":0.5,"ocean_post_title_bg_overlay_color":"","ocean_disable_breadcrumbs":"default","ocean_breadcrumbs_color":"","ocean_breadcrumbs_separator_color":"","ocean_breadcrumbs_links_color":"","ocean_breadcrumbs_links_hover_color":"","ocean_display_footer_widgets":"off","ocean_display_footer_bottom":"off","ocean_custom_footer_template":"","footnotes":""},"class_list":["post-63","page","type-page","status-publish","hentry","entry"],"_links":{"self":[{"href":"https:\/\/www.merama.de\/index.php?rest_route=\/wp\/v2\/pages\/63","targetHints":{"allow":["GET"]}}],"collection":[{"href":"https:\/\/www.merama.de\/index.php?rest_route=\/wp\/v2\/pages"}],"about":[{"href":"https:\/\/www.merama.de\/index.php?rest_route=\/wp\/v2\/types\/page"}],"author":[{"embeddable":true,"href":"https:\/\/www.merama.de\/index.php?rest_route=\/wp\/v2\/users\/2"}],"replies":[{"embeddable":true,"href":"https:\/\/www.merama.de\/index.php?rest_route=%2Fwp%2Fv2%2Fcomments&post=63"}],"version-history":[{"count":538,"href":"https:\/\/www.merama.de\/index.php?rest_route=\/wp\/v2\/pages\/63\/revisions"}],"predecessor-version":[{"id":2244,"href":"https:\/\/www.merama.de\/index.php?rest_route=\/wp\/v2\/pages\/63\/revisions\/2244"}],"wp:attachment":[{"href":"https:\/\/www.merama.de\/index.php?rest_route=%2Fwp%2Fv2%2Fmedia&parent=63"}],"curies":[{"name":"wp","href":"https:\/\/api.w.org\/{rel}","templated":true}]}}