{"id":141,"date":"2024-11-02T20:25:55","date_gmt":"2024-11-02T19:25:55","guid":{"rendered":"https:\/\/www.merama.de\/?page_id=141"},"modified":"2025-05-05T13:56:42","modified_gmt":"2025-05-05T11:56:42","slug":"wb-neubau-tuev-sued-in-filderstadt","status":"publish","type":"page","link":"https:\/\/www.merama.de\/?page_id=141","title":{"rendered":"WB Neubau T\u00dcV S\u00fcd in Filderstadt"},"content":{"rendered":"\t\t<div data-elementor-type=\"wp-page\" data-elementor-id=\"141\" class=\"elementor elementor-141\">\n\t\t\t\t<div class=\"elementor-element elementor-element-02a3d0c e-flex e-con-boxed e-con e-parent\" data-id=\"02a3d0c\" data-element_type=\"container\" data-e-type=\"container\">\n\t\t\t\t\t<div class=\"e-con-inner\">\n\t\t\t\t<div class=\"elementor-element elementor-element-9eadd5c elementor-widget elementor-widget-shortcode\" data-id=\"9eadd5c\" data-element_type=\"widget\" data-e-type=\"widget\" data-widget_type=\"shortcode.default\">\n\t\t\t\t<div class=\"elementor-widget-container\">\n\t\t\t\t\t\t\t<div class=\"elementor-shortcode\"><div id=\"metaslider-id-1465\" style=\"max-width: 1920px; margin: 0 auto;\" class=\"ml-slider-3-101-0 metaslider metaslider-flex metaslider-1465 ml-slider has-onhover-arrows ms-theme-cubic nav-hidden\" role=\"region\" aria-label=\"WB_TUV\" data-height=\"1200\" data-width=\"1920\">\n    <div id=\"metaslider_container_1465\">\n        <div id=\"metaslider_1465\">\n            <ul class='slides'>\n                <li style=\"display: block; width: 100%;\" class=\"slide-1486 ms-image \" aria-roledescription=\"slide\" data-date=\"2024-12-21 20:26:08\"><img fetchpriority=\"high\" decoding=\"async\" width=\"1920\" height=\"1280\" src=\"https:\/\/www.merama.de\/wp-content\/uploads\/2024\/12\/240130_Auer_Weber_Filderstadt_Cam1.webp\" class=\"slider-1465 slide-1486 msDefaultImage\" alt=\"n\" rel=\"\" title=\"240130_Auer_Weber_Filderstadt_Cam1\" srcset=\"https:\/\/www.merama.de\/wp-content\/uploads\/2024\/12\/240130_Auer_Weber_Filderstadt_Cam1.webp 1920w, https:\/\/www.merama.de\/wp-content\/uploads\/2024\/12\/240130_Auer_Weber_Filderstadt_Cam1-300x200.webp 300w, https:\/\/www.merama.de\/wp-content\/uploads\/2024\/12\/240130_Auer_Weber_Filderstadt_Cam1-1024x683.webp 1024w, https:\/\/www.merama.de\/wp-content\/uploads\/2024\/12\/240130_Auer_Weber_Filderstadt_Cam1-768x512.webp 768w, https:\/\/www.merama.de\/wp-content\/uploads\/2024\/12\/240130_Auer_Weber_Filderstadt_Cam1-1536x1024.webp 1536w\" sizes=\"(max-width: 1920px) 100vw, 1920px\" \/><\/li>\n                <li style=\"display: none; width: 100%;\" class=\"slide-1487 ms-image \" aria-roledescription=\"slide\" data-date=\"2024-12-21 20:26:08\"><img decoding=\"async\" width=\"1920\" height=\"1280\" src=\"https:\/\/www.merama.de\/wp-content\/uploads\/2024\/12\/240130_Auer_Weber_Filderstadt_Cam2.webp\" class=\"slider-1465 slide-1487 msDefaultImage\" alt=\"n\" rel=\"\" title=\"240130_Auer_Weber_Filderstadt_Cam2\" srcset=\"https:\/\/www.merama.de\/wp-content\/uploads\/2024\/12\/240130_Auer_Weber_Filderstadt_Cam2.webp 1920w, https:\/\/www.merama.de\/wp-content\/uploads\/2024\/12\/240130_Auer_Weber_Filderstadt_Cam2-300x200.webp 300w, https:\/\/www.merama.de\/wp-content\/uploads\/2024\/12\/240130_Auer_Weber_Filderstadt_Cam2-1024x683.webp 1024w, https:\/\/www.merama.de\/wp-content\/uploads\/2024\/12\/240130_Auer_Weber_Filderstadt_Cam2-768x512.webp 768w, https:\/\/www.merama.de\/wp-content\/uploads\/2024\/12\/240130_Auer_Weber_Filderstadt_Cam2-1536x1024.webp 1536w\" sizes=\"(max-width: 1920px) 100vw, 1920px\" \/><\/li>\n                <li style=\"display: none; width: 100%;\" class=\"slide-1491 ms-image \" aria-roledescription=\"slide\" data-date=\"2024-12-21 20:26:08\"><img decoding=\"async\" width=\"1920\" height=\"1280\" src=\"https:\/\/www.merama.de\/wp-content\/uploads\/2024\/12\/Lageplan-11.webp\" class=\"slider-1465 slide-1491 msDefaultImage\" alt=\"n\" rel=\"\" title=\"Lageplan\" srcset=\"https:\/\/www.merama.de\/wp-content\/uploads\/2024\/12\/Lageplan-11.webp 1920w, https:\/\/www.merama.de\/wp-content\/uploads\/2024\/12\/Lageplan-11-300x200.webp 300w, https:\/\/www.merama.de\/wp-content\/uploads\/2024\/12\/Lageplan-11-1024x683.webp 1024w, https:\/\/www.merama.de\/wp-content\/uploads\/2024\/12\/Lageplan-11-768x512.webp 768w, https:\/\/www.merama.de\/wp-content\/uploads\/2024\/12\/Lageplan-11-1536x1024.webp 1536w\" sizes=\"(max-width: 1920px) 100vw, 1920px\" \/><\/li>\n                <li style=\"display: none; width: 100%;\" class=\"slide-1495 ms-image \" aria-roledescription=\"slide\" data-date=\"2024-12-21 20:26:09\"><img loading=\"lazy\" decoding=\"async\" width=\"1920\" height=\"1280\" src=\"https:\/\/www.merama.de\/wp-content\/uploads\/2024\/12\/picto-1.webp\" class=\"slider-1465 slide-1495 msDefaultImage\" alt=\"n\" rel=\"\" title=\"picto 1\" srcset=\"https:\/\/www.merama.de\/wp-content\/uploads\/2024\/12\/picto-1.webp 1920w, https:\/\/www.merama.de\/wp-content\/uploads\/2024\/12\/picto-1-300x200.webp 300w, https:\/\/www.merama.de\/wp-content\/uploads\/2024\/12\/picto-1-1024x683.webp 1024w, https:\/\/www.merama.de\/wp-content\/uploads\/2024\/12\/picto-1-768x512.webp 768w, https:\/\/www.merama.de\/wp-content\/uploads\/2024\/12\/picto-1-1536x1024.webp 1536w\" sizes=\"(max-width: 1920px) 100vw, 1920px\" \/><\/li>\n                <li style=\"display: none; width: 100%;\" class=\"slide-1494 ms-image \" aria-roledescription=\"slide\" data-date=\"2024-12-21 20:26:09\"><img loading=\"lazy\" decoding=\"async\" width=\"1920\" height=\"1280\" src=\"https:\/\/www.merama.de\/wp-content\/uploads\/2024\/12\/picto2.webp\" class=\"slider-1465 slide-1494 msDefaultImage\" alt=\"n\" rel=\"\" title=\"picto2\" srcset=\"https:\/\/www.merama.de\/wp-content\/uploads\/2024\/12\/picto2.webp 1920w, https:\/\/www.merama.de\/wp-content\/uploads\/2024\/12\/picto2-300x200.webp 300w, https:\/\/www.merama.de\/wp-content\/uploads\/2024\/12\/picto2-1024x683.webp 1024w, https:\/\/www.merama.de\/wp-content\/uploads\/2024\/12\/picto2-768x512.webp 768w, https:\/\/www.merama.de\/wp-content\/uploads\/2024\/12\/picto2-1536x1024.webp 1536w\" sizes=\"(max-width: 1920px) 100vw, 1920px\" \/><\/li>\n                <li style=\"display: none; width: 100%;\" class=\"slide-1490 ms-image \" aria-roledescription=\"slide\" data-date=\"2024-12-21 20:26:08\"><img loading=\"lazy\" decoding=\"async\" width=\"1920\" height=\"1280\" src=\"https:\/\/www.merama.de\/wp-content\/uploads\/2024\/12\/EG-3.webp\" class=\"slider-1465 slide-1490 msDefaultImage\" alt=\"n\" rel=\"\" title=\"EG\" srcset=\"https:\/\/www.merama.de\/wp-content\/uploads\/2024\/12\/EG-3.webp 1920w, https:\/\/www.merama.de\/wp-content\/uploads\/2024\/12\/EG-3-300x200.webp 300w, https:\/\/www.merama.de\/wp-content\/uploads\/2024\/12\/EG-3-1024x683.webp 1024w, https:\/\/www.merama.de\/wp-content\/uploads\/2024\/12\/EG-3-768x512.webp 768w, https:\/\/www.merama.de\/wp-content\/uploads\/2024\/12\/EG-3-1536x1024.webp 1536w\" sizes=\"(max-width: 1920px) 100vw, 1920px\" \/><\/li>\n                <li style=\"display: none; width: 100%;\" class=\"slide-1492 ms-image \" aria-roledescription=\"slide\" data-date=\"2024-12-21 20:26:08\"><img loading=\"lazy\" decoding=\"async\" width=\"1920\" height=\"1280\" src=\"https:\/\/www.merama.de\/wp-content\/uploads\/2024\/12\/OG-2.webp\" class=\"slider-1465 slide-1492 msDefaultImage\" alt=\"n\" rel=\"\" title=\"OG\" srcset=\"https:\/\/www.merama.de\/wp-content\/uploads\/2024\/12\/OG-2.webp 1920w, https:\/\/www.merama.de\/wp-content\/uploads\/2024\/12\/OG-2-300x200.webp 300w, https:\/\/www.merama.de\/wp-content\/uploads\/2024\/12\/OG-2-1024x683.webp 1024w, https:\/\/www.merama.de\/wp-content\/uploads\/2024\/12\/OG-2-768x512.webp 768w, https:\/\/www.merama.de\/wp-content\/uploads\/2024\/12\/OG-2-1536x1024.webp 1536w\" sizes=\"(max-width: 1920px) 100vw, 1920px\" \/><\/li>\n                <li style=\"display: none; width: 100%;\" class=\"slide-1493 ms-image \" aria-roledescription=\"slide\" data-date=\"2024-12-21 20:26:08\"><img loading=\"lazy\" decoding=\"async\" width=\"1920\" height=\"1280\" src=\"https:\/\/www.merama.de\/wp-content\/uploads\/2024\/12\/OG2.webp\" class=\"slider-1465 slide-1493 msDefaultImage\" alt=\"n\" rel=\"\" title=\"OG2\" srcset=\"https:\/\/www.merama.de\/wp-content\/uploads\/2024\/12\/OG2.webp 1920w, https:\/\/www.merama.de\/wp-content\/uploads\/2024\/12\/OG2-300x200.webp 300w, https:\/\/www.merama.de\/wp-content\/uploads\/2024\/12\/OG2-1024x683.webp 1024w, https:\/\/www.merama.de\/wp-content\/uploads\/2024\/12\/OG2-768x512.webp 768w, https:\/\/www.merama.de\/wp-content\/uploads\/2024\/12\/OG2-1536x1024.webp 1536w\" sizes=\"(max-width: 1920px) 100vw, 1920px\" \/><\/li>\n                <li style=\"display: none; width: 100%;\" class=\"slide-1496 ms-image \" aria-roledescription=\"slide\" data-date=\"2024-12-21 20:26:09\"><img loading=\"lazy\" decoding=\"async\" width=\"1920\" height=\"1280\" src=\"https:\/\/www.merama.de\/wp-content\/uploads\/2024\/12\/Querschnitt-1.webp\" class=\"slider-1465 slide-1496 msDefaultImage\" alt=\"n\" rel=\"\" title=\"Querschnitt\" srcset=\"https:\/\/www.merama.de\/wp-content\/uploads\/2024\/12\/Querschnitt-1.webp 1920w, https:\/\/www.merama.de\/wp-content\/uploads\/2024\/12\/Querschnitt-1-300x200.webp 300w, https:\/\/www.merama.de\/wp-content\/uploads\/2024\/12\/Querschnitt-1-1024x683.webp 1024w, https:\/\/www.merama.de\/wp-content\/uploads\/2024\/12\/Querschnitt-1-768x512.webp 768w, https:\/\/www.merama.de\/wp-content\/uploads\/2024\/12\/Querschnitt-1-1536x1024.webp 1536w\" sizes=\"(max-width: 1920px) 100vw, 1920px\" \/><\/li>\n                <li style=\"display: none; width: 100%;\" class=\"slide-1488 ms-image \" aria-roledescription=\"slide\" data-date=\"2024-12-21 20:26:08\"><img loading=\"lazy\" decoding=\"async\" width=\"1920\" height=\"1280\" src=\"https:\/\/www.merama.de\/wp-content\/uploads\/2024\/12\/Ansicht.webp\" class=\"slider-1465 slide-1488 msDefaultImage\" alt=\"n\" rel=\"\" title=\"Ansicht\" srcset=\"https:\/\/www.merama.de\/wp-content\/uploads\/2024\/12\/Ansicht.webp 1920w, https:\/\/www.merama.de\/wp-content\/uploads\/2024\/12\/Ansicht-300x200.webp 300w, https:\/\/www.merama.de\/wp-content\/uploads\/2024\/12\/Ansicht-1024x683.webp 1024w, https:\/\/www.merama.de\/wp-content\/uploads\/2024\/12\/Ansicht-768x512.webp 768w, https:\/\/www.merama.de\/wp-content\/uploads\/2024\/12\/Ansicht-1536x1024.webp 1536w\" sizes=\"(max-width: 1920px) 100vw, 1920px\" \/><\/li>\n                <li style=\"display: none; width: 100%;\" class=\"slide-1489 ms-image \" aria-roledescription=\"slide\" data-date=\"2024-12-21 20:26:08\"><img loading=\"lazy\" decoding=\"async\" width=\"1920\" height=\"1280\" src=\"https:\/\/www.merama.de\/wp-content\/uploads\/2024\/12\/detailschnitt-3.webp\" class=\"slider-1465 slide-1489 msDefaultImage\" alt=\"n\" rel=\"\" title=\"detailschnitt\" srcset=\"https:\/\/www.merama.de\/wp-content\/uploads\/2024\/12\/detailschnitt-3.webp 1920w, https:\/\/www.merama.de\/wp-content\/uploads\/2024\/12\/detailschnitt-3-300x200.webp 300w, https:\/\/www.merama.de\/wp-content\/uploads\/2024\/12\/detailschnitt-3-1024x683.webp 1024w, https:\/\/www.merama.de\/wp-content\/uploads\/2024\/12\/detailschnitt-3-768x512.webp 768w, https:\/\/www.merama.de\/wp-content\/uploads\/2024\/12\/detailschnitt-3-1536x1024.webp 1536w\" sizes=\"(max-width: 1920px) 100vw, 1920px\" \/><\/li>\n            <\/ul>\n        <\/div>\n        \n    <\/div>\n<\/div><\/div>\n\t\t\t\t\t\t<\/div>\n\t\t\t\t<\/div>\n\t\t\t\t\t<\/div>\n\t\t\t\t<\/div>\n\t\t<div class=\"elementor-element elementor-element-4297e9e e-flex e-con-boxed e-con e-parent\" data-id=\"4297e9e\" data-element_type=\"container\" data-e-type=\"container\">\n\t\t\t\t\t<div class=\"e-con-inner\">\n\t\t<div class=\"elementor-element elementor-element-7b1fc27 e-con-full e-flex e-con e-child\" data-id=\"7b1fc27\" data-element_type=\"container\" data-e-type=\"container\">\n\t\t\t\t<div class=\"elementor-element elementor-element-0773ac7 elementor-widget elementor-widget-text-editor\" data-id=\"0773ac7\" data-element_type=\"widget\" data-e-type=\"widget\" data-widget_type=\"text-editor.default\">\n\t\t\t\t<div class=\"elementor-widget-container\">\n\t\t\t\t\t\t\t\t\t<p>01\/2024 Leitung Wettbewerb f\u00fcr Auer Weber Architekten<\/p><p><strong>2. Preis<\/strong><\/p><p>BGF 28.890 qm<\/p><p>DGNB Platin<\/p><p>Bauherr*in: T\u00dcV S\u00fcd AG<\/p><p>Landschaft: ghl landschaftsarchitekten und stadtplaner\u00a0<\/p><p>Perspektive: loomn architekturkommunikation<\/p><p>Modell: B\u00e9la Berec Architektur-Modellbau-Gestaltung<\/p><p>\u00a0<\/p>\t\t\t\t\t\t\t\t<\/div>\n\t\t\t\t<\/div>\n\t\t\t\t<\/div>\n\t\t<div class=\"elementor-element elementor-element-2d98e14 e-con-full e-flex e-con e-child\" data-id=\"2d98e14\" data-element_type=\"container\" data-e-type=\"container\">\n\t\t\t\t<div class=\"elementor-element elementor-element-eb6e252 elementor-widget elementor-widget-text-editor\" data-id=\"eb6e252\" data-element_type=\"widget\" data-e-type=\"widget\" data-widget_type=\"text-editor.default\">\n\t\t\t\t<div class=\"elementor-widget-container\">\n\t\t\t\t\t\t\t\t\t<p>Die drei Geb\u00e4ude der T\u00dcV S\u00fcd Zentrale \u2013 B\u00fcrohaus, Laborgeb\u00e4ude und Pr\u00fcfstelle \u2013 befinden sich am Rand eines Industriegebiets. Leitidee des Entwurfs ist die Verzahnung von Landschaft und urbanem Raum. Diese zeigt sich in Form gro\u00dfz\u00fcgiger, begr\u00fcnter Fugen zwischen den Bauk\u00f6rpern, die sowohl gestalterisch als auch funktional als verbindende Elemente wirken. Obwohl die Geb\u00e4ude unabh\u00e4ngig voneinander nutzbar sind, stehen sie durch ein gemeinsames, begr\u00fcntes Landschaftsdach in einem architektonischen Zusammenhang. Dieses Dach sowie die gr\u00fcnen Zwischenr\u00e4ume schaffen Aufenthaltsqualit\u00e4ten mit hoher Freiraumqualit\u00e4t f\u00fcr Mitarbeitende und Besucher:innen.<\/p><p>Im Inneren bildet eine zentrale Treppenanlage das kommunikative Herzst\u00fcck des Projekts. Sie verbindet den Speisebereich im Erdgeschoss mit der dar\u00fcber liegenden Besprechungszone sowie einer gro\u00dfz\u00fcgigen Dachterrasse. Diese r\u00e4umliche Abfolge f\u00f6rdert spontane Begegnungen und den informellen Austausch. Die Grundrisse der Obergeschosse sind flexibel gestaltbar. Kommunikationszonen und allgemeine Aufenthaltsbereiche sind als biomorphe Pflanzinseln ausgeformt, um das Wohlbefinden der Nutzer:innen zu f\u00f6rdern und eine inspirierende Arbeitsumgebung zu schaffen.<\/p><p>Die Geb\u00e4ude sind in Holzskelettbauweise mit Holz-Lehm-Verbunddecken konzipiert. Auch der Innenausbau soll weitgehend mit wiederverwendbaren Materialien aus Holz und Lehm erfolgen. Die B\u00fcrobereiche sind f\u00fcr eine nat\u00fcrliche Bel\u00fcftung ausgelegt.<\/p>\t\t\t\t\t\t\t\t<\/div>\n\t\t\t\t<\/div>\n\t\t\t\t<\/div>\n\t\t\t\t\t<\/div>\n\t\t\t\t<\/div>\n\t\t\t\t<\/div>\n\t\t","protected":false},"excerpt":{"rendered":"<p>01\/2024 Leitung Wettbewerb f\u00fcr Auer Weber Architekten 2. Preis BGF 28.890 qm DGNB Platin Bauherr*in: T\u00dcV S\u00fcd AG Landschaft: ghl landschaftsarchitekten und stadtplaner\u00a0 Perspektive: loomn architekturkommunikation Modell: B\u00e9la Berec Architektur-Modellbau-Gestaltung \u00a0 Die drei Geb\u00e4ude der T\u00dcV S\u00fcd Zentrale \u2013 B\u00fcrohaus, Laborgeb\u00e4ude und Pr\u00fcfstelle \u2013 befinden sich am Rand eines Industriegebiets. Leitidee des Entwurfs ist die [&hellip;]<\/p>\n","protected":false},"author":2,"featured_media":0,"parent":0,"menu_order":0,"comment_status":"closed","ping_status":"closed","template":"","meta":{"ocean_post_layout":"full-screen","ocean_both_sidebars_style":"","ocean_both_sidebars_content_width":0,"ocean_both_sidebars_sidebars_width":0,"ocean_sidebar":"","ocean_second_sidebar":"","ocean_disable_margins":"enable","ocean_add_body_class":"","ocean_shortcode_before_top_bar":"","ocean_shortcode_after_top_bar":"","ocean_shortcode_before_header":"","ocean_shortcode_after_header":"","ocean_has_shortcode":"","ocean_shortcode_after_title":"","ocean_shortcode_before_footer_widgets":"","ocean_shortcode_after_footer_widgets":"","ocean_shortcode_before_footer_bottom":"","ocean_shortcode_after_footer_bottom":"","ocean_display_top_bar":"off","ocean_display_header":"default","ocean_header_style":"","ocean_center_header_left_menu":"","ocean_custom_header_template":"","ocean_custom_logo":0,"ocean_custom_retina_logo":0,"ocean_custom_logo_max_width":0,"ocean_custom_logo_tablet_max_width":0,"ocean_custom_logo_mobile_max_width":0,"ocean_custom_logo_max_height":0,"ocean_custom_logo_tablet_max_height":0,"ocean_custom_logo_mobile_max_height":0,"ocean_header_custom_menu":"","ocean_menu_typo_font_family":"","ocean_menu_typo_font_subset":"","ocean_menu_typo_font_size":0,"ocean_menu_typo_font_size_tablet":0,"ocean_menu_typo_font_size_mobile":0,"ocean_menu_typo_font_size_unit":"px","ocean_menu_typo_font_weight":"","ocean_menu_typo_font_weight_tablet":"","ocean_menu_typo_font_weight_mobile":"","ocean_menu_typo_transform":"","ocean_menu_typo_transform_tablet":"","ocean_menu_typo_transform_mobile":"","ocean_menu_typo_line_height":0,"ocean_menu_typo_line_height_tablet":0,"ocean_menu_typo_line_height_mobile":0,"ocean_menu_typo_line_height_unit":"","ocean_menu_typo_spacing":0,"ocean_menu_typo_spacing_tablet":0,"ocean_menu_typo_spacing_mobile":0,"ocean_menu_typo_spacing_unit":"","ocean_menu_link_color":"","ocean_menu_link_color_hover":"","ocean_menu_link_color_active":"","ocean_menu_link_background":"","ocean_menu_link_hover_background":"","ocean_menu_link_active_background":"","ocean_menu_social_links_bg":"","ocean_menu_social_hover_links_bg":"","ocean_menu_social_links_color":"","ocean_menu_social_hover_links_color":"","ocean_disable_title":"on","ocean_disable_heading":"default","ocean_post_title":"","ocean_post_subheading":"","ocean_post_title_style":"","ocean_post_title_background_color":"","ocean_post_title_background":0,"ocean_post_title_bg_image_position":"","ocean_post_title_bg_image_attachment":"","ocean_post_title_bg_image_repeat":"","ocean_post_title_bg_image_size":"","ocean_post_title_height":0,"ocean_post_title_bg_overlay":0.5,"ocean_post_title_bg_overlay_color":"","ocean_disable_breadcrumbs":"default","ocean_breadcrumbs_color":"","ocean_breadcrumbs_separator_color":"","ocean_breadcrumbs_links_color":"","ocean_breadcrumbs_links_hover_color":"","ocean_display_footer_widgets":"off","ocean_display_footer_bottom":"off","ocean_custom_footer_template":"","footnotes":""},"class_list":["post-141","page","type-page","status-publish","hentry","entry"],"_links":{"self":[{"href":"https:\/\/www.merama.de\/index.php?rest_route=\/wp\/v2\/pages\/141","targetHints":{"allow":["GET"]}}],"collection":[{"href":"https:\/\/www.merama.de\/index.php?rest_route=\/wp\/v2\/pages"}],"about":[{"href":"https:\/\/www.merama.de\/index.php?rest_route=\/wp\/v2\/types\/page"}],"author":[{"embeddable":true,"href":"https:\/\/www.merama.de\/index.php?rest_route=\/wp\/v2\/users\/2"}],"replies":[{"embeddable":true,"href":"https:\/\/www.merama.de\/index.php?rest_route=%2Fwp%2Fv2%2Fcomments&post=141"}],"version-history":[{"count":74,"href":"https:\/\/www.merama.de\/index.php?rest_route=\/wp\/v2\/pages\/141\/revisions"}],"predecessor-version":[{"id":2173,"href":"https:\/\/www.merama.de\/index.php?rest_route=\/wp\/v2\/pages\/141\/revisions\/2173"}],"wp:attachment":[{"href":"https:\/\/www.merama.de\/index.php?rest_route=%2Fwp%2Fv2%2Fmedia&parent=141"}],"curies":[{"name":"wp","href":"https:\/\/api.w.org\/{rel}","templated":true}]}}